	{"id":651,"date":"2017-09-19T13:41:27","date_gmt":"2017-09-19T11:41:27","guid":{"rendered":"https:\/\/rulleguitar.dk\/shop\/?page_id=651"},"modified":"2017-10-11T16:35:25","modified_gmt":"2017-10-11T14:35:25","slug":"forsendelse-og-levering","status":"publish","type":"page","link":"https:\/\/rulleguitar.dk\/webshop\/forsendelse-og-levering\/","title":{"rendered":"Forsendelse og levering"},"content":{"rendered":"<h3>Forsendelse<\/h3>\n<p>Vi sender normalt varerne samme dag, som betalingen er registreret hos os. Varerne kan sendes med PostNord som &#8220;Brev&#8221;\u00a0eller &#8220;Quickbrev&#8221;.<br \/>\nLeveringstiden for et &#8220;Brev&#8221; med PostNord kan variere MEGET. De skriver selv 2-5 dage, men vi har oplevet at det kan tage op til 10 dage! Og andre gange 2-3 dage. S\u00e5 er du advaret.<\/p>\n<p>Vi kan ogs\u00e5 sende med GLS eller DAO til en pakkeshop. Det er til geng\u00e6ld hurtigt, det plejer at tage 2 hverdage.<br \/>\nDu kan selv v\u00e6lge hvilken forsendelsesmetode du \u00f8nsker. Det foreg\u00e5r under check-ud (der hvor du betaler).<\/p>\n<h3>Prisen p\u00e5 forsendelsen<\/h3>\n<p>Vores pris for at sende varen er baseret p\u00e5 PostNord, GLS og DAO&#8217;s priser, og afh\u00e6nger af pakkens samlede v\u00e6gt og st\u00f8rrelse. De samlede fragt-omkostninger kan ses i din indk\u00f8bskurv. Der vil altid vises den billigste pris, der som regel er postens &#8220;Brev&#8221;\u00a0med langsom udlevering. Du kan v\u00e6lge de hurtigere (og dyrere) &#8220;Quickbrev&#8221; levering, \u00a0GLS pakkeshop eller DAO pakkeshop, n\u00e5r du checker ud (betaler).<\/p>\n<p>&nbsp;<\/p>\n<h3>Levering<\/h3>\n<p>Varen betragtes som leveret, n\u00e5r den er modtaget af kunden.<\/p>\n","protected":false},"excerpt":{"rendered":"<p>Forsendelse Vi sender normalt varerne samme dag, som betalingen er registreret hos os. Varerne kan sendes med PostNord som &#8220;Brev&#8221;\u00a0eller &#8220;Quickbrev&#8221;. Leveringstiden for et &#8220;Brev&#8221; med PostNord kan variere MEGET. De skriver selv 2-5 dage, men vi har oplevet at det kan tage op til 10 dage! Og andre gange 2-3 dage. S\u00e5 er du [&hellip;]<\/p>\n","protected":false},"author":1,"featured_media":0,"parent":0,"menu_order":0,"comment_status":"closed","ping_status":"closed","template":"","meta":{"footnotes":""},"class_list":["post-651","page","type-page","status-publish","hentry"],"jetpack_shortlink":"https:\/\/wp.me\/P9cl2b-av","jetpack_sharing_enabled":true,"_links":{"self":[{"href":"https:\/\/rulleguitar.dk\/webshop\/wp-json\/wp\/v2\/pages\/651","targetHints":{"allow":["GET"]}}],"collection":[{"href":"https:\/\/rulleguitar.dk\/webshop\/wp-json\/wp\/v2\/pages"}],"about":[{"href":"https:\/\/rulleguitar.dk\/webshop\/wp-json\/wp\/v2\/types\/page"}],"author":[{"embeddable":true,"href":"https:\/\/rulleguitar.dk\/webshop\/wp-json\/wp\/v2\/users\/1"}],"replies":[{"embeddable":true,"href":"https:\/\/rulleguitar.dk\/webshop\/wp-json\/wp\/v2\/comments?post=651"}],"version-history":[{"count":8,"href":"https:\/\/rulleguitar.dk\/webshop\/wp-json\/wp\/v2\/pages\/651\/revisions"}],"predecessor-version":[{"id":923,"href":"https:\/\/rulleguitar.dk\/webshop\/wp-json\/wp\/v2\/pages\/651\/revisions\/923"}],"wp:attachment":[{"href":"https:\/\/rulleguitar.dk\/webshop\/wp-json\/wp\/v2\/media?parent=651"}],"curies":[{"name":"wp","href":"https:\/\/api.w.org\/{rel}","templated":true}]}}