	{"id":253,"date":"2014-02-04T17:53:26","date_gmt":"2014-02-04T16:53:26","guid":{"rendered":"https:\/\/rulleguitar.dk\/wordpress\/produkt\/hygrometer-og-termometer\/"},"modified":"2026-01-06T21:54:08","modified_gmt":"2026-01-06T20:54:08","slug":"hygrometer-og-termometer","status":"publish","type":"product","link":"https:\/\/rulleguitar.dk\/webshop\/produkt\/hygrometer-og-termometer\/","title":{"rendered":"Hygrometer og termometer"},"content":{"rendered":"<p>Lille og handy hygrometer der m\u00e5ler den relative luftfugtighed, og samtidig ogs\u00e5 m\u00e5ler temperaturen. M\u00e5ler 5,5 x 3 x 1 cm. Bruger 1 stk LR44 batteri (medf\u00f8lger).<\/p>\n","protected":false},"excerpt":{"rendered":"<p>Lille digitalt hygrometer og termometer. Hold \u00f8je med luftfugtigheden hvor du opbevarer dine guitarer.<\/p>\n","protected":false},"featured_media":250,"comment_status":"open","ping_status":"closed","template":"","meta":[],"product_brand":[],"product_cat":[11],"product_tag":[],"class_list":{"0":"post-253","1":"product","2":"type-product","3":"status-publish","4":"has-post-thumbnail","6":"product_cat-tilbehor","8":"first","9":"outofstock","10":"taxable","11":"shipping-taxable","12":"purchasable","13":"product-type-simple"},"jetpack_sharing_enabled":true,"_links":{"self":[{"href":"https:\/\/rulleguitar.dk\/webshop\/wp-json\/wp\/v2\/product\/253","targetHints":{"allow":["GET"]}}],"collection":[{"href":"https:\/\/rulleguitar.dk\/webshop\/wp-json\/wp\/v2\/product"}],"about":[{"href":"https:\/\/rulleguitar.dk\/webshop\/wp-json\/wp\/v2\/types\/product"}],"replies":[{"embeddable":true,"href":"https:\/\/rulleguitar.dk\/webshop\/wp-json\/wp\/v2\/comments?post=253"}],"wp:featuredmedia":[{"embeddable":true,"href":"https:\/\/rulleguitar.dk\/webshop\/wp-json\/wp\/v2\/media\/250"}],"wp:attachment":[{"href":"https:\/\/rulleguitar.dk\/webshop\/wp-json\/wp\/v2\/media?parent=253"}],"wp:term":[{"taxonomy":"product_brand","embeddable":true,"href":"https:\/\/rulleguitar.dk\/webshop\/wp-json\/wp\/v2\/product_brand?post=253"},{"taxonomy":"product_cat","embeddable":true,"href":"https:\/\/rulleguitar.dk\/webshop\/wp-json\/wp\/v2\/product_cat?post=253"},{"taxonomy":"product_tag","embeddable":true,"href":"https:\/\/rulleguitar.dk\/webshop\/wp-json\/wp\/v2\/product_tag?post=253"}],"curies":[{"name":"wp","href":"https:\/\/api.w.org\/{rel}","templated":true}]}}