	{"id":331,"date":"2014-12-15T23:45:18","date_gmt":"2014-12-15T22:45:18","guid":{"rendered":"https:\/\/rulleguitar.dk\/wordpress\/produkt\/jacobsen-sc-1-single-coil-pickupper-saet\/"},"modified":"2014-12-15T23:45:18","modified_gmt":"2014-12-15T22:45:18","slug":"jacobsen-sc-1-single-coil-pickupper-saet","status":"publish","type":"product","link":"https:\/\/rulleguitar.dk\/webshop\/produkt\/jacobsen-sc-1-single-coil-pickupper-saet\/","title":{"rendered":"jacobsen SC-1 single-coil pickupper, s\u00e6t"},"content":{"rendered":"<p>Pickupperne forener det gode, gamle h\u00e5ndv\u00e6rk med moderne mikroprocessor-teknologier, der sikrer at hver enkelt pickup lever op til vores h\u00f8je kvalitetskrav.<\/p>\n<p>Filosofien bag singlecoil-serien \u201dSC-1\u201d er at der skal v\u00e6re bedre balance imellem de tre pickupper end i et traditionelt singlecoil-setup.<br \/>Den bagerste pickup &#8211; bridge-pickuppen &#8211; har med \u201dSC-1\u201d f\u00e5et mere output, mere varme og gl\u00f8d.<br \/>Den forreste pickup &#8211; neck-pickuppen &#8211; har omtrent de samme egenskaber som en vintage-strat pickup af samme slags fra den gyldne \u00e6ra. Den klokkeklare spr\u00f8dhed, men med den st\u00f8rre fylde som positionen n\u00e6r halsen giver den.<br \/>Den midterste pickup er tilpasset den forreste og den bagerste s\u00e5 der er en fin og harmonisk balance imellem de tre pickupper.<\/p>\n","protected":false},"excerpt":{"rendered":"<p><span class=\"fremh\u00e6vet\">S\u00e6t med 3 stk matchede jacobsen SC-1<\/span>\u00a0singlecoil pickupper, der i lyd og udseende er en t\u00e6t kopi af en &#8217;59 Fender Strat pickup.\u00a0<\/p>\n","protected":false},"featured_media":325,"comment_status":"open","ping_status":"closed","template":"","meta":[],"product_brand":[],"product_cat":[13],"product_tag":[],"class_list":{"0":"post-331","1":"product","2":"type-product","3":"status-publish","4":"has-post-thumbnail","6":"product_cat-pickupper","8":"first","9":"instock","10":"taxable","11":"shipping-taxable","12":"purchasable","13":"product-type-simple"},"jetpack_sharing_enabled":true,"_links":{"self":[{"href":"https:\/\/rulleguitar.dk\/webshop\/wp-json\/wp\/v2\/product\/331","targetHints":{"allow":["GET"]}}],"collection":[{"href":"https:\/\/rulleguitar.dk\/webshop\/wp-json\/wp\/v2\/product"}],"about":[{"href":"https:\/\/rulleguitar.dk\/webshop\/wp-json\/wp\/v2\/types\/product"}],"replies":[{"embeddable":true,"href":"https:\/\/rulleguitar.dk\/webshop\/wp-json\/wp\/v2\/comments?post=331"}],"wp:featuredmedia":[{"embeddable":true,"href":"https:\/\/rulleguitar.dk\/webshop\/wp-json\/wp\/v2\/media\/325"}],"wp:attachment":[{"href":"https:\/\/rulleguitar.dk\/webshop\/wp-json\/wp\/v2\/media?parent=331"}],"wp:term":[{"taxonomy":"product_brand","embeddable":true,"href":"https:\/\/rulleguitar.dk\/webshop\/wp-json\/wp\/v2\/product_brand?post=331"},{"taxonomy":"product_cat","embeddable":true,"href":"https:\/\/rulleguitar.dk\/webshop\/wp-json\/wp\/v2\/product_cat?post=331"},{"taxonomy":"product_tag","embeddable":true,"href":"https:\/\/rulleguitar.dk\/webshop\/wp-json\/wp\/v2\/product_tag?post=331"}],"curies":[{"name":"wp","href":"https:\/\/api.w.org\/{rel}","templated":true}]}}