	{"id":380,"date":"2017-01-18T16:59:40","date_gmt":"2017-01-18T15:59:40","guid":{"rendered":"https:\/\/rulleguitar.dk\/wordpress\/produkt\/kondensator-47nf\/"},"modified":"2021-04-22T08:54:58","modified_gmt":"2021-04-22T06:54:58","slug":"kondensator-47nf","status":"publish","type":"product","link":"https:\/\/rulleguitar.dk\/webshop\/produkt\/kondensator-47nf\/","title":{"rendered":"Kondensator 47nF"},"content":{"rendered":"<p>Valg af kondensatorer er en smagssag! Pr\u00f8v ogs\u00e5 en 22nF kondensator og h\u00f8r hvad der passer dig bedst.<\/p>\n","protected":false},"excerpt":{"rendered":"<p>Kondensator 47nF, velegnet til tonekontrol. Polyester-film. Bruges typisk ved humbuckerpickupper sammen med et 500K Ohm potentiometer.<\/p>\n","protected":false},"featured_media":379,"comment_status":"open","ping_status":"closed","template":"","meta":[],"product_brand":[],"product_cat":[12],"product_tag":[],"class_list":{"0":"post-380","1":"product","2":"type-product","3":"status-publish","4":"has-post-thumbnail","6":"product_cat-elektronik","8":"first","9":"instock","10":"taxable","11":"shipping-taxable","12":"purchasable","13":"product-type-simple"},"jetpack_sharing_enabled":true,"_links":{"self":[{"href":"https:\/\/rulleguitar.dk\/webshop\/wp-json\/wp\/v2\/product\/380","targetHints":{"allow":["GET"]}}],"collection":[{"href":"https:\/\/rulleguitar.dk\/webshop\/wp-json\/wp\/v2\/product"}],"about":[{"href":"https:\/\/rulleguitar.dk\/webshop\/wp-json\/wp\/v2\/types\/product"}],"replies":[{"embeddable":true,"href":"https:\/\/rulleguitar.dk\/webshop\/wp-json\/wp\/v2\/comments?post=380"}],"wp:featuredmedia":[{"embeddable":true,"href":"https:\/\/rulleguitar.dk\/webshop\/wp-json\/wp\/v2\/media\/379"}],"wp:attachment":[{"href":"https:\/\/rulleguitar.dk\/webshop\/wp-json\/wp\/v2\/media?parent=380"}],"wp:term":[{"taxonomy":"product_brand","embeddable":true,"href":"https:\/\/rulleguitar.dk\/webshop\/wp-json\/wp\/v2\/product_brand?post=380"},{"taxonomy":"product_cat","embeddable":true,"href":"https:\/\/rulleguitar.dk\/webshop\/wp-json\/wp\/v2\/product_cat?post=380"},{"taxonomy":"product_tag","embeddable":true,"href":"https:\/\/rulleguitar.dk\/webshop\/wp-json\/wp\/v2\/product_tag?post=380"}],"curies":[{"name":"wp","href":"https:\/\/api.w.org\/{rel}","templated":true}]}}