	{"id":821,"date":"2017-09-24T13:43:27","date_gmt":"2017-09-24T11:43:27","guid":{"rendered":"https:\/\/rulleguitar.dk\/webshop\/?post_type=product&#038;p=821"},"modified":"2026-03-30T11:09:12","modified_gmt":"2026-03-30T09:09:12","slug":"daddario-ej16-1-saet","status":"publish","type":"product","link":"https:\/\/rulleguitar.dk\/webshop\/produkt\/daddario-ej16-1-saet\/","title":{"rendered":"d&#8217;Addario EJ16 1 s\u00e6t"},"content":{"rendered":"","protected":false},"excerpt":{"rendered":"<p><strong>Akustiske guitarstrenge\u00a0<\/strong><\/p>\n<p>St\u00e5lstrenge til westernguitar.<\/p>\n<p>d\u2019Addario EJ16, 10 s\u00e6t strenge i 1 pakke<\/p>\n<p>(0.012 \u2013 0.053)<\/p>\n<p>Phosphor Bronze<\/p>\n<p>(Det kan v\u00e6re at strengene, for at holde v\u00e6gten og dermed fragtprisen lav, ikke kommer indpakket i pap-\u00e6ske, men de er altid i forseglet, luftt\u00e6t plastik-pose, som p\u00e5 billederne, s\u00e5 det \u00a0sikres at de ikke korroderer)<\/p>\n","protected":false},"featured_media":820,"comment_status":"open","ping_status":"closed","template":"","meta":[],"product_brand":[],"product_cat":[72,8,73],"product_tag":[],"class_list":{"0":"post-821","1":"product","2":"type-product","3":"status-publish","4":"has-post-thumbnail","6":"product_cat-guitarstrenge","7":"product_cat-strenge","8":"product_cat-westernstrenge","10":"first","11":"instock","12":"taxable","13":"shipping-taxable","14":"purchasable","15":"product-type-simple"},"jetpack_sharing_enabled":true,"_links":{"self":[{"href":"https:\/\/rulleguitar.dk\/webshop\/wp-json\/wp\/v2\/product\/821","targetHints":{"allow":["GET"]}}],"collection":[{"href":"https:\/\/rulleguitar.dk\/webshop\/wp-json\/wp\/v2\/product"}],"about":[{"href":"https:\/\/rulleguitar.dk\/webshop\/wp-json\/wp\/v2\/types\/product"}],"replies":[{"embeddable":true,"href":"https:\/\/rulleguitar.dk\/webshop\/wp-json\/wp\/v2\/comments?post=821"}],"wp:featuredmedia":[{"embeddable":true,"href":"https:\/\/rulleguitar.dk\/webshop\/wp-json\/wp\/v2\/media\/820"}],"wp:attachment":[{"href":"https:\/\/rulleguitar.dk\/webshop\/wp-json\/wp\/v2\/media?parent=821"}],"wp:term":[{"taxonomy":"product_brand","embeddable":true,"href":"https:\/\/rulleguitar.dk\/webshop\/wp-json\/wp\/v2\/product_brand?post=821"},{"taxonomy":"product_cat","embeddable":true,"href":"https:\/\/rulleguitar.dk\/webshop\/wp-json\/wp\/v2\/product_cat?post=821"},{"taxonomy":"product_tag","embeddable":true,"href":"https:\/\/rulleguitar.dk\/webshop\/wp-json\/wp\/v2\/product_tag?post=821"}],"curies":[{"name":"wp","href":"https:\/\/api.w.org\/{rel}","templated":true}]}}