	{"id":950,"date":"2017-11-13T12:43:03","date_gmt":"2017-11-13T11:43:03","guid":{"rendered":"https:\/\/rulleguitar.dk\/webshop\/?post_type=product&#038;p=950"},"modified":"2024-07-07T20:41:20","modified_gmt":"2024-07-07T18:41:20","slug":"stol-t-jazz-guitar-metal-slaeder","status":"publish","type":"product","link":"https:\/\/rulleguitar.dk\/webshop\/produkt\/stol-t-jazz-guitar-metal-slaeder\/","title":{"rendered":"Stol t. jazz-guitar, metal-sl\u00e6der"},"content":{"rendered":"","protected":false},"excerpt":{"rendered":"<p>Stol til jazz-guitar. Palisander. L\u00e6ngde 120mm, bredde 12mm. Justerbar i h\u00f8jden og sl\u00e6derne kan, med en tang, flyttes frem og tilbage i 4 forskellige positioner, for rigtig intonation.<br \/>\nH\u00f6fner-stil.<\/p>\n","protected":false},"featured_media":951,"comment_status":"open","ping_status":"closed","template":"","meta":[],"product_brand":[],"product_cat":[14],"product_tag":[],"class_list":{"0":"post-950","1":"product","2":"type-product","3":"status-publish","4":"has-post-thumbnail","6":"product_cat-stole","8":"first","9":"instock","10":"taxable","11":"shipping-taxable","12":"purchasable","13":"product-type-simple"},"jetpack_sharing_enabled":true,"_links":{"self":[{"href":"https:\/\/rulleguitar.dk\/webshop\/wp-json\/wp\/v2\/product\/950","targetHints":{"allow":["GET"]}}],"collection":[{"href":"https:\/\/rulleguitar.dk\/webshop\/wp-json\/wp\/v2\/product"}],"about":[{"href":"https:\/\/rulleguitar.dk\/webshop\/wp-json\/wp\/v2\/types\/product"}],"replies":[{"embeddable":true,"href":"https:\/\/rulleguitar.dk\/webshop\/wp-json\/wp\/v2\/comments?post=950"}],"wp:featuredmedia":[{"embeddable":true,"href":"https:\/\/rulleguitar.dk\/webshop\/wp-json\/wp\/v2\/media\/951"}],"wp:attachment":[{"href":"https:\/\/rulleguitar.dk\/webshop\/wp-json\/wp\/v2\/media?parent=950"}],"wp:term":[{"taxonomy":"product_brand","embeddable":true,"href":"https:\/\/rulleguitar.dk\/webshop\/wp-json\/wp\/v2\/product_brand?post=950"},{"taxonomy":"product_cat","embeddable":true,"href":"https:\/\/rulleguitar.dk\/webshop\/wp-json\/wp\/v2\/product_cat?post=950"},{"taxonomy":"product_tag","embeddable":true,"href":"https:\/\/rulleguitar.dk\/webshop\/wp-json\/wp\/v2\/product_tag?post=950"}],"curies":[{"name":"wp","href":"https:\/\/api.w.org\/{rel}","templated":true}]}}